{"version":"1.0","provider_name":"Klaster Logistika","provider_url":"https:\/\/www.logistika.ba\/de\/","author_name":"Klaster Logistika","author_url":"https:\/\/www.logistika.ba\/de\/author\/veliborp\/","title":"Mercedes-Benz zapo\u010dinje serijsku proizvodnju eActrosa 600! - Klaster Logistika","type":"rich","width":600,"height":338,"html":"<blockquote class=\"wp-embedded-content\" data-secret=\"g8ceJ8vNQ7\"><a href=\"https:\/\/www.logistika.ba\/de\/mercedes-benz-zapocinje-serijsku-proizvodnju-eactrosa-600\/\">Mercedes-Benz zapo\u010dinje serijsku proizvodnju eActrosa 600!<\/a><\/blockquote><iframe sandbox=\"allow-scripts\" security=\"restricted\" src=\"https:\/\/www.logistika.ba\/de\/mercedes-benz-zapocinje-serijsku-proizvodnju-eactrosa-600\/embed\/#?secret=g8ceJ8vNQ7\" width=\"600\" height=\"338\" title=\"&#8222;Mercedes-Benz zapo\u010dinje serijsku proizvodnju eActrosa 600!&#8220; &#8211; Klaster Logistika\" data-secret=\"g8ceJ8vNQ7\" frameborder=\"0\" marginwidth=\"0\" marginheight=\"0\" scrolling=\"no\" class=\"wp-embedded-content\"><\/iframe><script type=\"text\/javascript\">\n\/* <![CDATA[ *\/\n\/*! This file is auto-generated *\/\n!function(d,l){\"use strict\";l.querySelector&&d.addEventListener&&\"undefined\"!=typeof URL&&(d.wp=d.wp||{},d.wp.receiveEmbedMessage||(d.wp.receiveEmbedMessage=function(e){var t=e.data;if((t||t.secret||t.message||t.value)&&!\/[^a-zA-Z0-9]\/.test(t.secret)){for(var s,r,n,a=l.querySelectorAll('iframe[data-secret=\"'+t.secret+'\"]'),o=l.querySelectorAll('blockquote[data-secret=\"'+t.secret+'\"]'),c=new RegExp(\"^https?:$\",\"i\"),i=0;i<o.length;i++)o[i].style.display=\"none\";for(i=0;i<a.length;i++)s=a[i],e.source===s.contentWindow&&(s.removeAttribute(\"style\"),\"height\"===t.message?(1e3<(r=parseInt(t.value,10))?r=1e3:~~r<200&&(r=200),s.height=r):\"link\"===t.message&&(r=new URL(s.getAttribute(\"src\")),n=new URL(t.value),c.test(n.protocol))&&n.host===r.host&&l.activeElement===s&&(d.top.location.href=t.value))}},d.addEventListener(\"message\",d.wp.receiveEmbedMessage,!1),l.addEventListener(\"DOMContentLoaded\",function(){for(var e,t,s=l.querySelectorAll(\"iframe.wp-embedded-content\"),r=0;r<s.length;r++)(t=(e=s[r]).getAttribute(\"data-secret\"))||(t=Math.random().toString(36).substring(2,12),e.src+=\"#?secret=\"+t,e.setAttribute(\"data-secret\",t)),e.contentWindow.postMessage({message:\"ready\",secret:t},\"*\")},!1)))}(window,document);\n\/\/# sourceURL=https:\/\/www.logistika.ba\/wp-includes\/js\/wp-embed.min.js\n\/* ]]> *\/\n<\/script>\n","thumbnail_url":"https:\/\/www.logistika.ba\/wp-content\/uploads\/2024\/04\/mercedes_actros_l_2024_diesel_01-1024x576-1.webp","thumbnail_width":1024,"thumbnail_height":576,"description":"U petak, Daimler Trucks je zapo\u010deo serijsku proizvodnju Mercedes-Benz eActrosa 600, elektri\u010dnog kamiona za transport na duge relacije. To se dogodilo u Mercedes-Benz tvornici u W\u00f6rthu. Ceremonija je odr\u017eana u prisustvu Karin R\u00e5dstr\u00f6m (izvr\u0161ne direktorice Daimler Trucka), Daniele Schmitt (ministrice ekonomije, transporta, poljoprivrede i vinogradarstva Porajnja-Fala\u010dka), J\u00fcrgena Distla (\u0161efa operacija Mercedes-Benz Trucks), Andreasa Bachhofera (\u0161efa&hellip;"}

Mercedes-Benz započinje serijsku proizvodnju eActrosa 600! - Klaster Logistika

<blockquote class="wp-embedded-content" data-secret="g8ceJ8vNQ7"><a href="https://www.logistika.ba/de/mercedes-benz-zapocinje-serijsku-proizvodnju-eactrosa-600/">Mercedes-Benz započinje serijsku proizvodnju eActrosa 600!</a></blockquote><iframe sandbox="allow-scripts" security="restricted" src="https://www.logistika.ba/de/mercedes-benz-zapocinje-serijsku-proizvodnju-eactrosa-600/embed/#?secret=g8ceJ8vNQ7" width="600" height="338" title="&#8222;Mercedes-Benz započinje serijsku proizvodnju eActrosa 600!&#8220; &#8211; Klaster Logistika" data-secret="g8ceJ8vNQ7" frameborder="0" marginwidth="0" marginheight="0" scrolling="no" class="wp-embedded-content"></iframe><script type="text/javascript">
/* <![CDATA[ */
/*! This file is auto-generated */
!function(d,l){"use strict";l.querySelector&&d.addEventListener&&"undefined"!=typeof URL&&(d.wp=d.wp||{},d.wp.receiveEmbedMessage||(d.wp.receiveEmbedMessage=function(e){var t=e.data;if((t||t.secret||t.message||t.value)&&!/[^a-zA-Z0-9]/.test(t.secret)){for(var s,r,n,a=l.querySelectorAll('iframe[data-secret="'+t.secret+'"]'),o=l.querySelectorAll('blockquote[data-secret="'+t.secret+'"]'),c=new RegExp("^https?:$","i"),i=0;i<o.length;i++)o[i].style.display="none";for(i=0;i<a.length;i++)s=a[i],e.source===s.contentWindow&&(s.removeAttribute("style"),"height"===t.message?(1e3<(r=parseInt(t.value,10))?r=1e3:~~r<200&&(r=200),s.height=r):"link"===t.message&&(r=new URL(s.getAttribute("src")),n=new URL(t.value),c.test(n.protocol))&&n.host===r.host&&l.activeElement===s&&(d.top.location.href=t.value))}},d.addEventListener("message",d.wp.receiveEmbedMessage,!1),l.addEventListener("DOMContentLoaded",function(){for(var e,t,s=l.querySelectorAll("iframe.wp-embedded-content"),r=0;r<s.length;r++)(t=(e=s[r]).getAttribute("data-secret"))||(t=Math.random().toString(36).substring(2,12),e.src+="#?secret="+t,e.setAttribute("data-secret",t)),e.contentWindow.postMessage({message:"ready",secret:t},"*")},!1)))}(window,document);
//# sourceURL=https://www.logistika.ba/wp-includes/js/wp-embed.min.js
/* ]]> */
</script>

U petak, Daimler Trucks je započeo serijsku proizvodnju Mercedes-Benz eActrosa 600, električnog kamiona za transport na duge relacije. To se dogodilo u Mercedes-Benz tvornici u Wörthu. Ceremonija je održana u prisustvu Karin Rådström (izvršne direktorice Daimler Trucka), Daniele Schmitt (ministrice ekonomije, transporta, poljoprivrede i vinogradarstva Porajnja-Falačka), Jürgena Distla (šefa operacija Mercedes-Benz Trucks), Andreasa Bachhofera (šefa&hellip;
